 7. Let i(c) = c**2 + 5*c - 15. Let a be i(x). Let g(q) = -7*q**3 - 2*q - 1. Give g(a).
8
Let b = 7 + -4. Let y(c) = c**2 - 3. Give y(b).
6
Let m = 84 - 33. Let n = -31 + m. Suppose -4*q = 4*i - n, -2*q - 25 = -5*i - 3*q. Let y(x) = -x**3 + 4*x**2 + 6*x. What is y(i)?
5
Suppose -4*s - 27 + 15 = 0. Let z(l) = -l**3 - 2*l**2 + 2*l + 3. Give z(s).
6
Let r(m) = m**3 + 5*m**2 - m - 1. Let o(l) = -l**3 - 9*l**2 + l + 2. Let d(p) = -3*o(p) - 5*r(p). Give d(2).
-5
Let k(b) = -b**2 - 2*b - 1. Let q(j) = -2*j**2 - j - 1. Let s be ((-2)/3)/(8/12). Let u be q(s). Determine k(u).
-1
Let d(a) = 5*a**2 - 2*a**3 - 6 - a + 3*a**3 + 0*a. Let m be ((-1)/(-2))/(1/10). Let j = -10 + m. Determine d(j).
-1
Let z be 2 + 0 + 2 + 0. Let w(g) = g**3 - 4*g**2 - g. Determine w(z).
-4
Let z(b) = 17*b - 4*b - 12*b + 3. Give z(-4).
-1
Let h(u) be the first derivative of u**4/4 + 3*u**3 + 3*u - 3. Give h(-9).
3
Let c be (-18)/(-3 + 0) - -1. Let i(t) = -c + 0*t**2 - 2 - t**2. Let a(j) = j**3 + j**2. Let m be a(0). What is i(m)?
-9
Suppose 0 = -b - 5*a - 19, 0 = -b - 5*a + a - 15. Let j(q) = 4*q**3 + q**2 + q - 1. Let h(n) = -n**3 - n. Let d(x) = b*j(x) + 2*h(x). Determine d(-1).
-1
Let n = 10 + -13. Let s(u) = -7*u - 6. Suppose -4*x = -2*f + 16, -3*f + 5*x = -7*f + 6. Let p(a) = -6*a - 5. Let w(q) = f*s(q) - 5*p(q). Determine w(n).
-5
Let b = 11 - 8. Suppose b*f + 2 = 8. Let v(m) = -4*m + m**f + 1 - 1. Determine v(4).
0
Let y(m) be the second derivative of -m**5/20 - m**4/12 + m**3/6 - 7*m**2/2 + 4*m. Let c = 6 - 6. Determine y(c).
-7
Let b(i) = 0*i + 3*i + 3 + 10 - 4. Give b(-6).
-9
Let s(w) = 6*w + 2. Let y(v) = -7*v - 3. Let c(l) = 6*s(l) + 5*y(l). Let h = 15 - 15. What is c(h)?
-3
Let n = -2 + 2. Suppose 0 = -i - n*i + 4. Suppose i*t - t + 9 = 0. Let z(j) = -j + 1. Determine z(t).
4
Let h = 6 - 6. Suppose h = 5*g - g. Let v(u) = u. Determine v(g).
0
Suppose 0 = -2*g - 1 + 11. Let o(v) = -7*v**2 + v + 1. Let f(a) = 4*a**2. Let t(y) = -5*f(y) - 3*o(y). Calculate t(g).
7
Suppose 2*g + 4 = -2*g. Let n(s) = -5*s**2 - 1. Let k be n(g). Let t(j) = -j**2 - 7*j - 4. Give t(k).
2
Let i(q) = -q**2 + 4*q + 3. Let d be i(4). Let k(s) = -3*s**3 + 4*s**3 - 2*s**3 + 1 - d*s**2. Let l(w) = -w - 8. Let c be l(-6). What is k(c)?
-3
Let j = 12 - -3. Let z be (-10)/j + 14/(-6). Let u(o) = o + 2. Give u(z).
-1
Suppose -5*w + 0 = 15. Let y(x) = -2*x**3 - 6*x - 6. Let m(c) = -c**3 + c**2 - 5*c - 5. Let k(l) = -3*m(l) + 2*y(l). What is k(w)?
-6
Let z(s) be the second derivative of s**5/20 - 3*s**4/4 + 7*s**2/2 + 15*s. Calculate z(9).
7
Let c(j) = 2*j**3 + j - j**3 - 67*j**2 + 139*j**2 - 1 - 69*j**2. What is c(-2)?
1
Let i be 1/(-2)*(-7 + 1). Suppose x - i*n + 1 - 19 = 0, 25 = 5*x - 2*n. Let h(r) = 5*r**x + 5*r**2 - 3*r**3 - 3*r**3 + r. Determine h(5).
5
Let i(h) = h. Let x(o) = -6*o**3 + 5*o**3 + 0*o**3 + 3*o - 3. Let j be x(2). Determine i(j).
-5
Let y(k) = -k + 1. Let p = 8 + -4. Calculate y(p).
-3
Let b be (-3)/(9/3)*3. Let v(p) = -p**2 - p + 1. Let g(k) = -2*k**2 - 4*k - 2. Let t(s) = g(s) - v(s). What is t(b)?
-3
Let i(z) be the second derivative of -z**3/6 - 11*z**2/2 + 4*z. Give i(0).
-11
Let j(h) = h + 0*h**3 - 16*h**2 - 1 - h**3 + 13*h**2. Give j(-4).
11
Let c be (-6)/(-3) - (-1 - 58). Let w(a) = c*a - 54*a - a**2 + 2*a**2 + 0 + 4. Determine w(-5).
-6
Let k(d) = 1 + 18*d**2 + 5*d + 1 - 6 - 19*d**2. Determine k(5).
-4
Suppose -q + o = -1, 5*q + 9 = 2*o - 1. Let n(m) be the second derivative of -m**6/720 - m**4/12 - m. Let y(t) be the third derivative of n(t). Determine y(q).
4
Let v(j) = -2*j + 2. Let r be v(-8). Let b = r - 12. Let i(x) = b*x - 4*x - x - 3. Calculate i(-3).
-6
Let b(s) = 2*s - 4. Let w = -9 - -1. Let i be (-18)/(-12)*w/(-3). What is b(i)?
4
Let q(h) be the second derivative of h**5/20 - h**4/3 + 2*h**2 + 9*h. What is q(3)?
-5
Let u(c) = 2*c - 1. Suppose 0 = 5*a - 12 + 42. Let w be 2*(-1)/4*a. Calculate u(w).
5
Let f(l) = l**2 + 6*l + 3. Let b be (-64)/(-10) + 4/(-10). Let q be (-3)/((15/b)/5). Give f(q).
3
Let u(d) = -d**3 - 3*d**2 + 5*d - 1. Let j(s) = 3*s + 17. Suppose 0 = 5*v + 18 + 17. Let a be j(v). What is u(a)?
-5
Let w(s) = -1. Let y(f) = 2*f - 10. Let r(j) = 18*w(j) - 2*y(j). Suppose -7 = z - 2*q, 5*z + 3*q = -q - 7. What is r(z)?
14
Let n(i) = -i**2 + 6*i - 1. Let j = 5 + -3. Let f be j/(-5) + 27/5. Calculate n(f).
4
Suppose 4 + 0 = -2*x. Let c(a) = 3*a + 3. Let q(j) = -j - 1. Let g(p) = c(p) + 4*q(p). Give g(x).
1
Let l(b) = -4*b**3 + 5*b**2 + 3*b. Let p(g) = g**3 - g**2 - 1. Let j(v) = l(v) + 3*p(v). Let y(w) = -5*w + 3*w + w - 5. Let u be y(-7). Give j(u).
3
Suppose -z - 7 = -0*z. Let g(d) = d**2 - 85 - 3*d**2 + 75. Let m(p) = -p**2 - 7. Let k(n) = z*m(n) + 5*g(n). What is k(1)?
-4
Let n(x) be the first derivative of x**4/4 - x**3 - 5*x**2/2 + 4*x - 3. Let c(z) = -z**3 + 5*z**2 + 8*z - 9. Let h be c(6). Determine n(h).
-11
Let k(d) be the first derivative of d**4/4 + d**3/3 - d**2/2 + 18*d + 4. Calculate k(0).
18
Let b(i) = -4*i + 1. Let u(w) be the first derivative of w**3/3 - w - 1. Let y(f) = -b(f) - 2*u(f). What is y(3)?
-5
Suppose 0*m = 2*m - 26. Let d = m + -9. Let i(v) = -v**2 + 4*v + 4. Give i(d).
4
Let j(c) = -2 + 2*c - 9*c + 5*c + 0*c. Let n(y) = -3*y**2 + y. Let o be n(1). Determine j(o).
2
Let n = 6 - 3. Let i(k) = 2*k + 1 + 3*k**3 + 1 - n. Give i(1).
4
Let y(t) = 23*t**3 + 7 - 24*t**3 - 8*t - 10*t**2 - 2. Give y(-9).
-4
Suppose -4*q - 5 = -149. Let b be 15/25 + q/15. Let n(o) = o**2 - 2*o - 3. What is n(b)?
0
Let w(j) = 2*j**3 - j**2 - 8*j - 3. Let i(v) = v. Let a(h) = -4*i(h) - w(h). Calculate a(-2).
15
Let v(d) = d**3 - d**2 - d - 2. Let i be v(2). Let u(n) = 1 + 4 + n**2 - 2*n + n. Give u(i).
5
Let p(v) = 3*v + 3. Suppose n = -n + 4. Let z(i) = -6*i + 1 + 4*i**n - 3*i**2 + 2. Let f be z(5). Calculate p(f).
-3
Let c = 10 + -6. Suppose 12 = 4*l - 5*b, 5*b - 3 = -4*l + 3*l. Let g(u) = 3 + u**3 - 2*u - 4*u**2 + 0*u**l + 0*u**3. Calculate g(c).
-5
Let n(k) = -k**2 - 5*k - 1. Let u be n(-5). Let t(d) = -d**3 + 9*d**2 + 2*d - 3. Let g be t(9). Let a(r) = 11*r**2 - g*r**2 + 5*r**2. Give a(u).
1
Let y(d) = 1. Suppose 8 = 4*t - 4*x, -3*x = 3*t + 1 - 25. Let c(z) = z + 4 - t + 0. Let p(s) = -4*c(s) - 3*y(s). Give p(1).
-3
Let g(j) be the second derivative of -j**4/12 + 3*j. Let x(o) = 3*o**2 - o. Let b(n) = -17*g(n) - 6*x(n). Calculate b(4).
8
Let d(g) = -g**3 - 3*g**2 + 3*g + 2. Suppose 3*q - 16 = 5*i, 3*i + 2*i = 2*q - 14. Give d(i).
-8
Let q = -17 + 30. Let m = q + -11. Let z(l) = 0 - m*l**2 + 2*l + 3*l + 3. Determine z(4).
-9
Let q(v) = -v - 1. Let c(u) = 3*u + 8. Let s be 45/63 - 2/(-7). Let m(x) = s*c(x) + 4*q(x). What is m(2)?
2
Suppose 4*l + 2 = -2. Let z(j) = 1 + j**2 + 2*j**2 + 0*j**2 + 2*j. Determine z(l).
2
Suppose 6*c - 12 - 42 = 0. Let o(f) = f**3 - 8*f**2 - 9*f. Give o(c).
0
Let x = 3 + -4. Let o(n) = 2*n**3 - 2*n - 2. Let l(p) = -p**3 - p**2 + p - 1. Let c(t) = x*o(t) - l(t). Let k(h) be the first derivative of c(h). Give k(-1).
-4
Let y be (0/(-3))/(2 + -4 - -5). Let p(r) be the second derivative of -3*r + 1/3*r**3 + r**2 + y. Calculate p(-2).
-2
Let s be (4/6)/(4/12). Let h(d) = -3*d. Let o(i) = 6*i. Let z(u) = -7*u. Let v(p) = -6*o(p) - 5*z(p). Let q(b) = s*v(b) - h(b). What is q(5)?
5
Let g be (5 - 24) + 4 + 4 + -1. Let s(a) = a**2 + 13*a + 12. Determine s(g).
0
Let v(k) = k**3 + 6*k**2 + 4*k + 1. Suppose 4*d + 5*w = -40, -2*w = -0*d - 4*d - 12. What is v(d)?
6
Let m(l) = -6*l**2 - l**3 - 3 + l + 3*l**3 - 3*l**3. Determine m(-6).
-9
Let c(b) be the first derivative of 2 - 7/2*b**2 + 0*b. Give c(-1).
7
Let p(q) = q**3 - q**2 - 4*q + 4. Let y(l) = -3*l**3 + 2*l**2 + 11*l - 12. Let s(o) = 8*p(o) + 3*y(o). Let d = -5 + 2. Determine s(d).
2
Suppose -3*s - 4*y - 3 = 0, -5*y - 6 = 9. Suppose 5*l - 26 = -v, 2*v + 0*v + s*l - 17 = 0. Let h(c) = 2 - v - 5*c + 6*c. Calculate h(1).
2
Let n = 5 - 9. Let x = 0 + n. Let b(h) = h + 1. Determine b(x).
-3
Let f(u) = -u. Let m(s) = s + 3. Let k(r) = -f(r) + m(r). Suppose -2*o - 5 = 1. Calculate k(o).
-3
Let h(p) be the first derivative of -p**3/3 - 4*p**2 - 5*p + 23. Determine h(-6).
7
Let n(f) = 4*f - 3*f + 0*f + 2. Give n(-4).
-2
Suppose -3*q - m = m, -5*q - 2*m = -4. Suppose -2*c = q*f + 8, f - 18 = -2*f + 3*c. Let v(u) = 2*u + 1 + u + f. Determine v(-2).
-4
Let w(n) = -3*n**2 + 7*n. Let a(o) = 